e first derivative of 2*f**3 + 9*f + 1/4*f**4 - 3 + 5/2*f**2. What is the remainder when 16 is divided by p(-5)?
7
Let r(i) = 3*i - 27. Calculate the remainder when 51 is divided by r(11).
3
Let f = 184 + -127. Let u = 72 + f. Calculate the remainder when u is divided by 33.
30
Let c(a) = a**3 - 16*a**2 + 18*a - 6. What is the remainder when 155 is divided by c(15)?
38
Suppose o - 4*z + z - 7 = 0, 0 = -5*z - 15. Calculate the remainder when (-8 - 68)*1/(1/o) is divided by 39.
35
Suppose -4*w = -9 + 33. Let c(g) = g**3 + 8*g**2 - 4. Let u be c(-8). What is the remainder when 27 is divided by (2/w)/(u/84)?
6
Let o(v) be the third derivative of -v**4/24 - v**3/6 + 4*v**2. Let b be o(-6). Suppose -58 = -b*x + 37. What is the remainder when x is divided by 5?
4
Suppose 0 = 4*d + 2*t - 1760, 5*d - 530 = 4*t + 1644. Calculate the remainder when d is divided by 88.
86
Let v(n) = -8*n - 4*n**2 - 9*n + 3*n + 5*n**2 - 40. What is the remainder when 53 is divided by v(17)?
9
Suppose 3*p + 2*p = 4*l + 159, -94 = -3*p + l. What is the remainder when 275 is divided by p?
27
Let w = 46 - 24. Suppose -4*j + 10 = j. Suppose -2*x - j*s + 34 = 3*x, -46 = -5*x + 2*s. Calculate the remainder when w is divided by x.
6
What is the remainder when 116 is divided by (-3)/(-9)*6*20/1?
36
Suppose -g = -11 + 3. Calculate the remainder when 15 is divided by (g/(-16))/((2/1)/(-12)).
0
Calculate the remainder when ((-528)/30)/((-2)/15) is divided by 19.
18
Let f = -175 + 220. Suppose 4*w - 8 = -0*w. Suppose x = -w*x + f. What is the remainder when x is divided by 6?
3
Let l(z) = 3*z**2 - 2*z + 1. Let u(s) = 4*s**2 - 13*s**2 + s**3 + 4*s + 2 + 4*s**2. Let m be u(4). What is the remainder when 26 is divided by l(m)?
8
Suppose 0 = 2*j + 2*j - 5*o - 61, -2*j = -3*o - 31. Calculate the remainder when 36 is divided by j.
8
Suppose 19*j - 17*j = 176. Let g(v) = 2*v**2 + 11*v + 2. What is the remainder when j is divided by g(-7)?
19
Suppose d = -30 + 40. Suppose -d*m + 448 = 158. Suppose -4*h - 3 = -63. Calculate the remainder when m is divided by h.
14
Let k be ((-20)/8 - (-1)/2)*1. Calculate the remainder when 65 is divided by (-1)/k*(-102)/(-3).
14
Let x(z) = -2*z**3 - 35 - 32 - 7*z - 7*z**2 - 31 + 99. Calculate the remainder when x(-5) is divided by 38.
35
Let o = 113 + -54. Calculate the remainder when o is divided by 8/(-24) - (-4)/((-48)/(-124)).
9
Let a = 49 + 98. What is the remainder when a is divided by 10?
7
Suppose 2 + 8 = -5*b. Calculate the remainder when 155 is divided by -3*1/((-1)/(-26)*b).
38
Let c be (2/5*1)/(1/115). Let l = c - -6. Calculate the remainder when l is divided by 9.
7
Let p(a) = a**2 + 17*a + 83. Calculate the remainder when 64 is divided by p(-9).
9
Let k = -55 + 84. Let v(a) = -14*a**3 - a**2 - 5*a - 3. Calculate the remainder when v(-2) is divided by k.
28
Suppose -159 = -6*v + 9. Calculate the remainder when 137 is divided by v.
25
Let j(r) = 67*r + 17. Calculate the remainder when 89 is divided by j(0).
4
Let i = 111 + -101. Calculate the remainder when i is divided by 7.
3
Suppose -2*n + 0*n = -88. What is the remainder when n is divided by 15?
14
Suppose 36 = 2*s - 5*m - 121, -m + 487 = 6*s. Calculate the remainder when s is divided by 47.
34
Suppose 134*b - 127*b = 434. What is the remainder when b is divided by 11?
7
Suppose -5*x - 37*m + 68 = -33*m, m + 51 = 3*x. Calculate the remainder when 29 is divided by x.
13
Let o(j) = j**2 - 4*j - 12. Let v(t) = -t**3 + 9*t**2 + 10*t - 4. Let r be v(10). Let n be (-42)/r - 24/16. What is the remainder when o(n) is divided by 9?
6
Let t(c) = 3*c + 44. What is the remainder when 149 is divided by t(-9)?
13
Let r(t) = 12*t**2 - t - 1. Let w be r(-1). Suppose 0 = -0*f + f - w. What is the remainder when 22 is divided by f?
10
Let u = 71 - 79. Calculate the remainder when 26 is divided by (-146)/(-16) - u/(-64).
8
Let x = 1213 - 1156. Calculate the remainder when 83 is divided by x.
26
Suppose 26*a - 87 = -5*v + 25*a, 0 = -a - 3. Calculate the remainder when 193 is divided by v.
13
Suppose -5*f - 2*z + 3643 = 0, -4*f - 4*z + 1367 + 1545 = 0. Calculate the remainder when f is divided by 10.
9
Let f be 188/36 - 4/18. Suppose f*c = -3*a, 4*c - 2*c + 4*a + 14 = 0. Suppose -h + z = h - 10, -2*h - 14 = 5*z. Calculate the remainder when h is divided by c.
0
Let j be 35/10 - (-2)/4. Suppose -2*g + j*b + 22 = 0, 5*g + 3 = -4*b + 2. What is the remainder when g + (35 + 4 - -3) is divided by 24?
21
Let o = 346 - 217. Suppose 38*g - 46*g = -208. What is the remainder when o is divided by g?
25
Suppose 200 = -3*p - d - 93, 4*d - 115 = p. Let o = p + 162. What is the remainder when 251 is divided by o?
62
Let q(n) = -n**3 - n**2 - 28. Let t be q(0). Let b = -21 - t. Suppose -32 = b*o - 123. What is the remainder when 36 is divided by o?
10
What is the remainder when 75 is divided by 4/6*(-1110)/(-37)?
15
Let b(y) = y**3 - 5*y**2 + y + 6. Let u be b(6). Let s = 19 - 48. Let o = u + s. Calculate the remainder when 73 is divided by o.
16
Let g(x) = x - 7. Let t be g(10). Suppose 2*c + 38 = -3*y + 170, -6 = t*y. Suppose 0 = 2*l - 4*l + 48. Calculate the remainder when c is divided by l.
21
Suppose 29 = 5*i - 66. Let u(q) = -q**2 + q - 3. Let x be u(-3). Calculate the remainder when 2 - 290/(-4) - x/(-30) is divided by i.
17
Suppose -4*y = y - 235. Suppose -o - 4 = 0, -6 = -i + o - 26. Let r = y - i. What is the remainder when r is divided by 18?
17
Let u be (6/(-3))/(1/2). Let i(t) = -2*t - 9. Let z be i(-5). What is the remainder when 0 + (6 - u) + z is divided by 8?
3
Let j = -111 - -195. Let p be -20*(j/(-8))/7. Let f = p + -18. Calculate the remainder when f is divided by 5.
2
Let h = 27 + -24. Suppose 2*z + h*r = 204, 4*z - 2*r = -3*r + 388. Suppose -8*v + z = -72. What is the remainder when 81 is divided by v?
18
Let m = 2767 - 2680. Calculate the remainder when m is divided by (-44)/3*1*-3.
43
Let m = 20 - 13. Suppose -5*s + m*s = -4*o + 182, -4*o - 182 = -2*s. Let i = -31 + 62. What is the remainder when s is divided by i?
29
Let n(h) = h + 12*h**2 - 72*h**3 + 2 + 0 + 71*h**3. Calculate the remainder when n(12) is divided by 6.
2
Let t(v) = v**3 + 17*v**2 - 86*v + 48. Calculate the remainder when 718 is divided by t(-21).
88
Let l be (-9)/(-6)*(-1 - -3). Calculate the remainder when 18 is divided by (-3 + -2)/(l + -4).
3
Let o = -76 - -240. Suppose 4*c - 3*q + 13 = 601, o = c - 5*q. Suppose 2*b - 2*t - c = 0, -7 - 142 = -2*b + t. Calculate the remainder when b is divided by 20.
17
Let f(t) = 12*t + 6. Let g be f(-4). Let l = 1 - g. Calculate the remainder when 167 is divided by l.
38
What is the remainder when 19 is divided by 56/280*((-53)/(-1) + 2)?
8
Suppose 0 = -4*l - 4, -5*r - l + 31 = -13. What is the remainder when 205 is divided by r?
7
Suppose -139*d = -143*d + 12. Suppose 0 = d*y - 14*y + 1496. What is the remainder when y is divided by 20?
16
Let n = 3 - -5. Let v = n - 5. Suppose -v*b = -5 - 55. What is the remainder when 58 is divided by b?
18
Let t(f) = -4*f**2 + 18*f + 2. Calculate the remainder when 176 is divided by t(4).
6
Let p = -99 - -244. Suppose 378 = 22*d - 4*d. Calculate the remainder when p is divided by d.
19
Let v = -352 - -623. What is the remainder when (-2)/5*(-4 - v) is divided by 28?
26
Let s be (6/10)/((-5)/(-25)). Let k be (3/s*0)/1. Suppose k = 4*r + r - 95. Calculate the remainder when r is divided by 11.
8
Suppose -10 = -0*d - 2*d, -3*b = -3*d - 12. Suppose -b*t = -11*t + 90. Calculate the remainder when t is divided by 12.
9
Suppose 2*p - 21 = -3*c + 7*p, 0 = 4*c + 4*p + 4. Suppose 2*d - 8 = 3*k - 5*k, -2*d + 13 = -3*k. What is the remainder when c is divided by d/(-9 - -4) + 3?
0
Let s(l) = -7*l**3 - 3*l**2 - 7*l - 3. What is the remainder when 61 is divided by s(-1)?
5
Let x(f) = -f**2 - 2*f + 3. Let i be x(-3). Suppose -v + 8 + 11 = i. Let h = 100 + -64. What is the remainder when h is divided by v?
17
Let k = 1 + -8. Let l = 11 + k. Calculate the remainder when 46 is divided by l.
2
Let k = 2 + -1. Let l(v) = -v**3 - 5*v**2 + v + 6. Let y be (5/2)/(22/(-44)). Calculate the remainder when k is divided by l(y).
0
Let i(n) be the first derivative of -n + 1/4*n**4 + 4 + 7/3*n**3 + 7/2*n**2. What is the remainder when 25 is divided by i(-5)?
11
Let x(z) = -z**2 - 10*z + 23